t k(h) = -h**2 + 7*h - 1. Let w be k(6). Let v(b) = -3*b - 9. Let u(r) = 4*r + 13. Let z(g) = w*u(g) + 7*v(g). Calculate z(-2).
4
Suppose 7*a - 3 = 4*a. Suppose -5*h - 5 = -2*m, 3*h = -2*m - 2 - a. Let p(w) be the first derivative of -5*w**2/2 + w - 20. Give p(h).
6
Let k(m) = m**3 + 8*m**2 + 5*m - 8. Suppose s = -3*p - 4*s + 40, -35 = -4*p - 3*s. Suppose -2*o + p*q - 9 = 0, -3*q - 7 + 4 = 0. Determine k(o).
6
Let l be (4/(-5))/(1/(-5)). Suppose -2*v = -l*v. Let z(m) = -m**2 + m. What is z(v)?
0
Suppose 2*v = 3*v + 4. Let d = v + 4. Let g(w) = -3*w**2 + 4 - 8 - 3 + 4*w**2 + w**3. Determine g(d).
-7
Let s(t) = 5*t + 67. Let f(l) = -l - 17. Let b(z) = 4*f(z) + s(z). Let a = 7 - 12. What is b(a)?
-6
Let l(h) = -35*h - 1. Let r = 1533 - 1534. Calculate l(r).
34
Let n(a) be the second derivative of a**5/20 - a**4/2 + a**3/6 - 4*a**2 + 37*a. Let m be ((2 - 1)*-12)/(-1). Let b = -6 + m. What is n(b)?
-2
Let i = 32 - 35. Let x(r) = 2*r**2 - 8*r + 6. Let v(t) = -1. Let q(o) = 6*v(o) + x(o). Let w(m) = -m**2 + 7*m. Let j(f) = i*w(f) - 2*q(f). Calculate j(-4).
4
Let o(t) = 3*t + 1. Let q be -1 - (0 + 2 + -16). Suppose -2*g - 4*n - n + 19 = 0, 5*g + n = q. Suppose g*y - 1 = -5. Give o(y).
-5
Let s(x) be the first derivative of x**4/12 + 2*x**3/3 - 4*x**2 - 6*x + 11. Let f(i) be the first derivative of s(i). Calculate f(-6).
4
Let w = 107 + -115. Let l(z) = 2*z**2 + 12*z - 11. Determine l(w).
21
Let w(b) = -b**3 + 0*b - 5*b**2 - 3 + 4 + 0*b. What is w(-5)?
1
Let u(x) = -5*x + 19 + 0 - x + 2*x + 3*x. Calculate u(17).
2
Suppose -4*j - 722 = 5*b, b + j + 133 = 4*j. Let a = -138 - b. Let g(w) = -4*w. Let m(l) = 29*l - 1. Let i(c) = -28*g(c) - 4*m(c). What is i(a)?
-12
Let u(z) = z**3 - 2*z**2 - z - 1. Let a(m) = m - 2*m - m. Let y be a(2). Let w be (-3)/(-3) - y/2. Determine u(w).
5
Let z(u) be the third derivative of -u**6/120 - u**5/15 - u**4/24 - u**2. Suppose 0 = -2*t - 29*m + 27*m - 6, -4 = 4*m. Determine z(t).
-6
Let c(w) = w**2 + 16*w - 7. Suppose 79*h = 71*h - 120. Calculate c(h).
-22
Let i(p) = -9*p**2 + 3*p - 1. Let v(s) = -7*s**2 + 2*s - 1. Let x(c) = 4*i(c) - 5*v(c). Give x(-3).
-14
Let i(z) = -z**2 + 12*z - 12. Let g be i(9). Let u be g + 1*0/2. Suppose -6*k = -k + u. Let d(s) = -s**2 - 4*s - 3. Calculate d(k).
0
Let t(v) = v**3 - 2*v**2 - 6*v + 6. Let q(l) = -2*l**3 + 5*l**2 + 12*l - 11. Let s(k) = -3*q(k) - 5*t(k). Let r = -284 - -290. What is s(r)?
3
Let j be (2/(-5))/(1/5). Let q(s) = -s**2 + 1. Let k(r) = r**3 + 4*r**2 - 4. Let x(g) = k(g) + 2*q(g). What is x(j)?
-2
Let t(o) = -1 + 2530*o**2 + 3*o - 3 - 2533*o**2 + 3. Let k = -6 + 9. Determine t(k).
-19
Let x(q) = -8*q**2 - 22*q - 7. Let w(o) = -2*o**2 - 4*o - 2. Let f(b) = -5*w(b) + x(b). Suppose 4*n + 7 = 23. Suppose -n*d = -0 - 8. Calculate f(d).
7
Let p(a) be the third derivative of -a**8/20160 - a**7/1260 - a**6/240 - a**5/30 - 2*a**2. Let q(f) be the third derivative of p(f). Calculate q(-4).
-3
Let r(w) be the third derivative of 0*w - 8*w**2 + 1/60*w**5 - 1/4*w**4 + 0*w**3 + 0. Give r(5).
-5
Let q(x) = -x**3 - 8*x**2 - 11*x - 26. Let r be q(-7). Suppose -2*p + 12 = 2*p - 2*g, p = 5*g + 12. Let u(b) = b**2 + 4 + p*b + r*b - b. What is u(-5)?
14
Let i(z) be the second derivative of -z**5/20 - 5*z**4/12 + z**3 + 5*z**2/2 + z. Let u be (-6)/12*(0 + 2)*-19. Suppose 14*n - u*n = 30. Give i(n).
5
Suppose i = -0 - 7. Let v(z) = 4*z**2 + 6*z + 5. Let f(k) = -9*k**2 - 12*k - 10. Let x(r) = i*v(r) - 3*f(r). Let a = -122 - -116. What is x(a)?
-5
Let y(c) = 5*c. Let f(n) = 19*n - 58. Let u be f(3). What is y(u)?
-5
Let v(s) = s**3 + s**2 - 2*s + 7. Let a be v(0). Suppose -a*w + 9*w = 0. Let i(j) = j**2 - j - 15. Calculate i(w).
-15
Let r be (-205)/50 + 5/50. Let o(q) = q**2 + 7*q + 5. Calculate o(r).
-7
Let x(j) = j**3 - 4*j**2 + 2*j - 7. Let z be x(4). Let o be 10/(-5) + z*(1 - 2). Let f(y) = -y**3 - 3*y**2 + 2*y + 4. What is f(o)?
-2
Let p(g) be the first derivative of 0*g + 1/60*g**5 - 5/24*g**4 - 2/3*g**3 + 5/2*g**2 - 5. Let s(o) be the second derivative of p(o). Determine s(4).
-8
Suppose 4*c = 12, 0 = -2*u - c + 6*c - 19. Let y = u + 2. Let h(g) be the first derivative of g**4/4 - g**3/3 + g**2/2 - g - 20. Determine h(y).
-1
Let c(r) be the second derivative of -r**4/12 - r**3/6 + 3*r**2 + 2*r. Suppose -8*u = -104 + 104. What is c(u)?
6
Suppose -3*n = -4*o + 311, -2*o - 388 = -7*o + 4*n. Let t be (4 - o/8)*10/(-12). Let r(f) = f**2 - 4*f + 1. What is r(t)?
6
Let x(t) = t**2 + 10*t - 6. Let r(h) = 2*h**2 + 19*h - 13. Let w(p) = 4*r(p) - 7*x(p). Suppose -3*u - 11 = -2*j, -3*j = -4*u + u - 6. Calculate w(u).
-3
Let h(u) be the first derivative of -u**4/4 - u**2/2 - 2*u + 24. Calculate h(-2).
8
Let j(y) = 4*y**3 - y**2 - 5*y - 10. Let x(k) = -k**3 - k**2 + 2*k - 1. Let n(v) = -j(v) - 5*x(v). Calculate n(-7).
1
Suppose 0 = -3*y - 2*y - 15. Let s = 0 + 2. Let k(p) = 6 - 3 + 2*p - 3 + 2*p**s. Determine k(y).
12
Let b(l) = -5*l - 106. Let a be b(-21). Let x(y) = -6*y + 1. Determine x(a).
7
Let n(b) = b**3 + 7*b**2 + 4*b + 2. Suppose -2*d + 4 = 4*x, 2*x - 11 = -3. Determine n(d).
14
Let u(a) = -7*a + 10. Let v(l) = 217*l - 315. Let x(g) = -63*u(g) - 2*v(g). Let p be (0 + 3/4)*-4. What is x(p)?
-21
Suppose -s = c + 8 + 4, -10 = 5*s. Let z(j) = 2*j + 1. Determine z(c).
-19
Suppose -3*y - 45 - 18 = 0. Let u = 23 + y. Let z be -1*2*(-1)/u. Let j(d) = 3*d**2 - d. What is j(z)?
2
Let a(d) = -d**2 - 3*d. Let g be 3/5 - (-11)/((-55)/(-42)). Suppose -5*i - 3 = -4*j - 0, 0 = -3*j - g. Give a(i).
0
Suppose 3*m = 25 - 46. Let w(d) = d + 2. Determine w(m).
-5
Let o = -1 - -3. Suppose -3*c = -2*z - 34, 3*c - o*z - 29 = -z. Let m(a) = 0 + 7*a**2 + 2*a - 2*a**3 + c - a + 3*a**3. Give m(-7).
1
Let o(h) = h**3 - h**2 + h. Let x be 0/(-2) + 0 + 2. Let r be o(x). Let u(t) = -t - 1. What is u(r)?
-7
Let g(k) = -k - 12 + 0 + 2. Suppose w - 18 = 4*w. Determine g(w).
-4
Let h(c) = -c**2 - 10*c - 25. Let x be h(-8). Let a(u) = -2*u - 9. Calculate a(x).
9
Let v(k) = -4*k + 4. Let t(b) = -3*b + 3. Let g(s) = 3*t(s) - 2*v(s). Give g(-1).
2
Let v(r) = -2*r - 7. Let a(c) = -c**2 + 10*c - 2. Let t be a(8). Suppose 0*x - 2*x = t. Determine v(x).
7
Let s(r) = r**3 - 5*r**2 - 71*r + 401. Let z be s(7). Let u(w) = -5*w + 2. Let n(y) = 0*y + 1 - 3*y - y. Let d(k) = -4*n(k) + 3*u(k). Give d(z).
4
Let n = -40 - 25. Let v = -67 - n. Let h(o) = o - 5*o - 1 + 0*o. What is h(v)?
7
Let m(p) = 153*p + 151*p - 26 - 306*p. What is m(-6)?
-14
Let x be 7 - ((-16)/48 - 66/(-9)). Let q(z) = 2*z**2 + 6. What is q(x)?
6
Let q(v) = v**3 - 4*v**2 - 1. Let b(r) = -102*r - 405. Let i be b(-4). Give q(i).
-10
Let x(v) = -28*v + 91. Let p be x(3). Let z(r) = 3*r - 16. Calculate z(p).
5
Let q(z) = -3*z + 4. Let j be ((-3)/(-2))/(-1*(-3)/32). Suppose 0 = 13*o - 17*o - j. What is q(o)?
16
Let x = -7 - -15. Let y(i) = -3760 - 4*i + i**2 - 2*i + 3749. Give y(x).
5
Let w(d) = -200*d + 201*d + 1 - 1 + 6. What is w(-6)?
0
Let h(d) be the second derivative of d**3/6 + 3*d**2 + 42*d. Determine h(5).
11
Suppose 5 - 6 = -b. Let n be 2/b + -4 + -2. Let m(z) = -3*z**2 + 5*z - 3. Let i(v) = -4*v**2 + 5*v - 4. Let g(u) = 4*i(u) - 5*m(u). Give g(n).
3
Let b(p) be the second derivative of -p**5/10 + p**4/12 + p**3/6 - 577*p. Give b(-2).
18
Let q(z) be the first derivative of -2*z**2 + 9*z + 58. Calculate q(6).
-15
Let m(n) = 3 - n + 2 - 8 + 0*n. Let r(z) = z**3 - 5*z**2 - 9*z + 15. Let k be r(6). Determine m(k).
0
Suppose -4 = s - 3*q, -6*s = -11*s + 3*q + 4. Let y(m) = -m**3 + 3*m**2 - 5*m + 2. Determine y(s).
-4
Let l(v) = -15*v - 11*v + 28*v - 3. What is l(-4)?
-11
Let a be 1 - (0/(-2) + (-1 - -2)). Suppose -r + 3*s + 7 = 0, 3 = r - a*s - 2*s. Let m(n) = 3*n + 6. Calculate m(r).
-9
Suppose 17*m + 61 = 27. Let v(z) be the second derivative of z**3/3 + z**2/2 - z. Give v(m).
-3
Let u(c) = -c**2 - 8*c - 9. Let y(v) = -v**3 + 2*v**2 - 4*v + 4. Let w be y(2). Let q be (92/(-16) - w)*4. What is u(q)?
-2
Let h(l) = l**3 + 2*l**2 + 2*l - 1. Let i be h(-2). Let r = i - -10. Let t(d) = -d + r + 3 + 2*d. Determine t(-6).
2
Let z(f) = -f + 3. Let g(i) = i - 3. Let x(h) = -4*g(h) - 3*z(h). Let p(k) = -2. Let d(u) = 2*p(u) + 2*x(u). Give d(-3).
8
Let j(q) = -19400 + 19411 + q + 0*q. Determine j(0).
11
Let w(a) be the first derivative of a**5/20 - 5*a**4/12 - a**3 - a**2/2 - 11*a +